-6)/(-18) + (-22)/(-6). Let t be 3/12 + (-581)/q. Is t/(-7) - (-4)/14 composite?
True
Let q(f) = -10*f - 3. Let c be q(3). Let j = c + 86. Is j a composite number?
False
Let x(z) = -4*z**3 + z**2 - z + 3. Let o be x(-4). Suppose 4*v - o = -d, -327 + 53 = -d - 5*v. Suppose -3*r - 115 + d = 5*y, 4*r - 202 = 2*y. Is r composite?
False
Let s be (-1)/(-2 - (-2175)/1089). Let t = s + 103. Suppose -3*i + 4*h + 365 = 0, 4*i + 3*h - t = -2*h. Is i composite?
True
Let h = 3117 - 726. Is h prime?
False
Let q(b) = -b - 2. Let r be q(-6). Is r*-1*201/(-12) a composite number?
False
Let x(t) = 3*t + 6. Let y be x(-4). Let m be 3/(-2) - 3/y. Let k(i) = 13*i**2 + 1. Is k(m) a composite number?
True
Let j(p) = 15*p**2 + 2*p + 2. Suppose 5*x + 5 = 4*w, 0*x - x - 2 = -w. Is j(x) composite?
True
Suppose z = -2*t - 3*t + 2318, 4*z - 3*t = 9341. Is z composite?
False
Let o be 6/24 + (-11)/(-4). Suppose -5*h + 6*h = o*t + 910, 4*t = h - 911. Is h composite?
False
Let h = -866 - -1240. Suppose 415 = 3*l - h. Is l prime?
True
Is 6208/24 - (-2)/6 a composite number?
True
Let b = 44 + -69. Let l = b - -5. Is 144/10 - (-8)/l prime?
False
Let w(j) = -j**2 - 2*j + 1. Let h be 2/(-2) + 2/(-2). Let y be w(h). Suppose 0 = n - y - 2. Is n composite?
False
Suppose 4*z = -z + 310. Let i = 53 + z. Is i prime?
False
Let i be (1 - -2 - -475) + -1. Suppose -2*f - f + i = 0. Is f prime?
False
Let y = 711 + 1262. Is y composite?
False
Suppose -2*l = 3*l - 10. Let a be l/1 + -2 + 5. Suppose a*n = -2*c + 159, -3*n + 7*n = 2*c + 138. Is n composite?
True
Let c(g) = -g**3 + 4*g**2 - 2*g. Let x be c(2). Suppose x*v + m - 508 = 0, -4*m - 381 = -3*v - m. Is v a composite number?
False
Let o(p) = -3*p**2 - 6*p - 3. Let z(x) = 7*x**2 + 13*x + 6. Let v(s) = -5*o(s) - 2*z(s). Let r be v(-2). Is 0 + 5 - (-2 - r) a prime number?
False
Suppose 2*f - 8 = -0. Suppose f*n = 225 + 227. Is n a composite number?
False
Suppose 0 = -4*o + 1606 - 70. Suppose -2*n = 2 - o. Is n a composite number?
False
Suppose 0 = 5*v - c - 19, 2*v - 32 = -2*v + 5*c. Suppose v*d - 101 = 34. Let k = d - 12. Is k composite?
True
Suppose 0*t = -4*t + 16. Suppose t*q + q = 25. Let h = q + -2. Is h a prime number?
True
Let k(i) = i**2 - 2*i + 3. Let c be k(3). Is 2*87/c + -3 a composite number?
True
Let c(r) = 264*r**2 - 2*r + 1. Is c(1) prime?
True
Let h(z) = -3*z**2 + 1. Let b be h(-2). Let o(y) = -y**3 - 10*y**2 + 10*y - 1. Let n be o(b). Is n*(9 + 0) + -3 prime?
False
Suppose -4*a - 8 = 0, -8*m + 2*a = -3*m - 7619. Is m a composite number?
False
Suppose 5*g + 3*m + 2*m + 10 = 0, 4 = 2*g - 2*m. Let y = g - 3. Is ((-2)/y)/((-4)/(-282)) composite?
False
Suppose 2*u = -3*u + 15. Suppose -3*c + 102 = -u*n, c - 108 = -3*c - 3*n. Let g = 55 - c. Is g a composite number?
True
Suppose -2*n - 131 = 313. Let l be (-4)/(-6)*n/(-4). Let f = -26 + l. Is f a prime number?
True
Let p = -86 - -132. Let q = p + -23. Is q a composite number?
False
Let t be (3/3)/((-2)/212). Is t/(-5)*50/20 a composite number?
False
Let r be 3/15 - (-948)/10. Suppose p + 0*p - r = 0. Is p composite?
True
Suppose -5*f - 5*y = -680, 5*y - 10 = -2*f + 277. Is f a composite number?
False
Let l(p) = 27*p + 7. Let v = 15 - 11. Is l(v) composite?
True
Is -3 + (-5 + 222 - 6/2) prime?
True
Suppose 0*k = 4*k - 8. Suppose 3*z = -3*m + 3, k*z + 5 = -m - 2*z. Suppose o = -y + 14, 4*y - m*o + 27 - 83 = 0. Is y prime?
False
Let w(k) be the first derivative of -5*k + 2*k**2 + 0*k**2 - 1 - 1 - 5*k**2. Is w(-7) a prime number?
True
Let d(b) = b**3. Let w(f) = -7*f**3 - 2*f**2 + f - 1. Let t(j) = -5*d(j) - w(j). Let m be t(-2). Is 635/m*(-1 - 0) a composite number?
False
Let z(i) = -i**2 + 4*i - 43. Let b(n) = -n**2 + 5*n - 43. Let h(q) = 3*b(q) - 4*z(q). Let s(c) = -c**3 - 4*c**2 + c + 4. Let u be s(-4). Is h(u) a prime number?
True
Let r = -567 - -842. Let u = -180 + r. Is u a composite number?
True
Suppose -b - 2*b - v = -116, -5*b - 2*v + 193 = 0. Is b a prime number?
False
Let y(f) = 4*f**3 - 13*f**2 - 6*f - 26. Is y(11) a composite number?
False
Let q = -5056 + 8703. Is q a prime number?
False
Suppose 0 = 2*h + h - 12. Suppose -3*l = -5*l + 72. Is 7532/l + h/(-18) prime?
False
Let z = 464 + -166. Is z a prime number?
False
Let w(h) = -2*h + 2. Is w(-1) prime?
False
Let o(d) = 313*d + 12. Is o(5) prime?
False
Let r(n) = -12*n**3 + 6*n**2 + 5*n + 7. Is r(-4) a prime number?
False
Let m(h) = h**3 + 6*h**2 - 7*h - 2. Let k be -1*7*(0 - -1). Let z be m(k). Is 1 + z - (-1 + -13) composite?
False
Let r = 451 - 693. Let k = r + 783. Is k composite?
False
Let a(g) be the third derivative of 13*g**5/30 - g**4/24 + 3*g**2. Is a(1) a prime number?
False
Is 1*(329 + 3/(-1)) a prime number?
False
Suppose -3*y - 2*y + 10 = 0. Let b = -6 - -8. Suppose -94 = -y*x + 4*t, b*x - 5*t = 30 + 59. Is x prime?
False
Suppose -56 = -3*o + 2*p, o = -0*o + 5*p + 23. Suppose 0*v = -3*v + o. Is 2/(-6) + 80/v prime?
True
Suppose -2*a = -9*a + 18431. Is a prime?
True
Let q(v) = -140*v**3. Let s be q(1). Let y = s - -237. Is y prime?
True
Let s(k) = 2*k + 6. Let p be s(6). Suppose -d = 2*d - p. Let c = 8 - d. Is c prime?
True
Let y = -10 - -18. Let j be 0 + 1 - (y + 2). Is -2 + j/(-3) + 86 a prime number?
False
Suppose 15 = -3*i - 5*b, 0 = 3*i - 5*b - 14 + 59. Let u(t) = t**2 + 3*t - 4. Let g be u(5). Let l = i + g. Is l prime?
False
Suppose 0 = 5*c - 11055 + 3110. Is c composite?
True
Suppose -3*i - 4*g = -12, i + 8 = 2*g + 2. Let f(m) = m**3 - 6*m**2 + m - 3. Let c be f(6). Let s = c + i. Is s prime?
True
Let d(q) = 33*q + 10. Is d(11) composite?
False
Let n = -5 + 3. Let t be n/5 - 8/(-20). Suppose -2*x = -2*r + 32, 3*r + x - 40 = -t*x. Is r prime?
False
Let s(p) = p**3 + 6*p**2 - 11*p - 9. Let c be s(-6). Suppose 2*y = -y + c. Is y prime?
True
Suppose i = -0*i + 2*p + 6, -8 = -i + 4*p. Let j(b) = b**2 - 2*b**2 - 9*b - i - 3. Is j(-7) prime?
True
Let f be (14/(-4))/(2/(-20)). Is 776/(-10)*f/(-14) a composite number?
True
Let y(j) = j**3 + 3*j**2 + j - 2. Let x be y(-2). Let u = x + -2. Is (u - -4)/((-2)/(-7)) a prime number?
True
Let z = -9 - 7. Let l = 16 - 23. Let u = l - z. Is u composite?
True
Suppose -10 = -4*c - c. Suppose 3*p + 4*o - 32 = 0, p - 6*o + 5*o = -1. Suppose p*b - c*b = 46. Is b a composite number?
False
Suppose 2*o - 2*h - 6 = 0, -5*h = -o + 5 + 2. Suppose 2*t - 4*b - 70 = -3*b, -4*b = -o*t + 82. Is t a composite number?
True
Is -3 + (2738/8)/(3/24) a composite number?
True
Let c(z) = z**3 - 3*z**2 + 3*z - 6. Let d = 14 + -7. Is c(d) a composite number?
False
Let c(y) = 87*y**2 + 3*y - 1. Is c(3) prime?
False
Is (-1749 + 2)*((4 - 3) + -3) a composite number?
True
Let s(q) = -14 + 8*q**2 + 2*q - 3*q**3 + 7 + 4*q**3. Is s(-6) a prime number?
True
Suppose -3*w + 1258 = -989. Is w a composite number?
True
Let d(b) be the first derivative of -7*b + 1/3*b**3 + 3 + 1/2*b**2. Is d(-5) a prime number?
True
Let r(a) = -2*a + 7. Let f(s) = -3*s + 11. Let d(w) = 5*f(w) - 8*r(w). Let y be d(2). Let v(i) = 19*i**3 + i**2 - 2*i + 1. Is v(y) a prime number?
True
Let v(o) = -3*o**2 - 2. Let c(j) = 10*j**2 + j + 6. Let z(q) = 2*c(q) + 7*v(q). Let g be z(4). Is (9/(-5))/(2/g) composite?
True
Let h be 206/2 + (5 - 7). Suppose 145 + h = 2*y. Is y a prime number?
False
Is 4*(-5)/((-160)/(-2038))*-4 prime?
True
Is (6/9)/((-4)/(-930)) a composite number?
True
Let x(j) = j**3 + 10*j**2 - 10*j + 16. Let k be x(-11). Suppose 5*z + 91 = 3*o - 66, 311 = k*o + 4*z. Is o composite?
False
Let k(c) = c + 124. Let f be k(0). Let n be f/7 + 4/14. Suppose -4*d = -n - 10. Is d a prime number?
True
Let s(f) = f - 11. Let w be s(9). Let b = w - -5. Suppose -75 = o - b*o - m, 5*o - 189 = -4*m. Is o prime?
True
Suppose 0 = -3*z + 9. Is 3 + -5 + z - -2 a composite number?
False
Let z(h) = -5*h**2 - 2*h + 7. Let a be z(-5). Let x = 155 - a. Is x a prime number?
True
Let j be ((-7)/21)/((-2)/1068). Let c = 257 - j. Is c composite?
False
Suppose -2*o - 2*b + 8 = 2*o, 6 = 3*o + b. Is 5614/(-7)*(-1)/o a composite number?
False
Let z = 2 - 3. Let h be (0 + z - 1)*-28. Is h/12*(-15)/(-2) prime?
False
Suppose f + 5*s - 1124 = 0, s + 4430 = 4*f - s. Is f prime?
True
Suppose 0 = -v + 4*t + 373 + 2612, 5*v + 5*t - 15050 = 0. Is v prime?
False
Suppose 0 = -3*p + 5*v - 1, -3*p = -0*v - 4*v + 5. Suppose 4*r - 101 = w, -4*w + 17 = 5. Le